e 8.
4
45 (base 13) to base 10
57
What is -112 (base 4) in base 10?
-22
Convert -6 (base 14) to base 8.
-6
Convert 0 (base 4) to base 6.
0
38 (base 12) to base 4
230
Convert -18 (base 12) to base 16.
-14
112 (base 8) to base 13
59
72 (base 8) to base 12
4a
-2 (base 7) to base 4
-2
What is 1002 (base 3) in base 2?
11101
Convert 6 (base 15) to base 5.
11
-14 (base 14) to base 9
-20
Convert 203 (base 4) to base 14.
27
What is -2 (base 6) in base 12?
-2
Convert 6 (base 10) to base 14.
6
-102 (base 4) to base 14
-14
Convert -136 (base 8) to base 9.
-114
Convert -11 (base 8) to base 11.
-9
-111 (base 2) to base 6
-11
What is 1111100 (base 2) in base 10?
124
Convert -11 (base 2) to base 5.
-3
Convert 1111111 (base 2) to base 12.
a7
-4 (base 10) to base 8
-4
a4 (base 12) to base 16
7c
What is -2 (base 12) in base 2?
-10
Convert 2 (base 6) to base 3.
2
-4 (base 11) to base 6
-4
Convert 100 (base 9) to base 10.
81
Convert -5 (base 9) to base 12.
-5
Convert -49 (base 12) to base 6.
-133
Convert -220 (base 4) to base 3.
-1111
What is -42 (base 11) in base 7?
-64
What is b (base 13) in base 10?
11
Convert 222 (base 3) to base 2.
11010
Convert -3c (base 15) to base 7.
-111
Convert -1103 (base 4) to base 2.
-1010011
Convert -2 (base 11) to base 16.
-2
12e (base 15) to base 14
153
17 (base 9) to base 10
16
Convert -16 (base 12) to base 6.
-30
-25 (base 10) to base 12
-21
What is -1110 (base 3) in base 8?
-47
What is 4 (base 10) in base 15?
4
What is -3 (base 5) in base 15?
-3
Convert 0 (base 7) to base 3.
0
28 (base 16) to base 8
50
-2 (base 14) to base 16
-2
Convert -6 (base 8) to base 12.
-6
Convert 3 (base 16) to base 10.
3
-2 (base 7) to base 2
-10
-89 (base 13) to base 6
-305
-56 (base 8) to base 12
-3a
-2 (base 15) to base 9
-2
Convert 4 (base 10) to base 4.
10
Convert -2 (base 15) to base 2.
-10
-10 (base 4) to base 16
-4
2 (base 10) to base 3
2
54 (base 7) to base 10
39
What is 4 (base 6) in base 9?
4
9 (base 10) to base 6
13
3 (base 13) to base 9
3
Convert 14 (base 8) to base 15.
c
Convert -3 (base 14) to base 9.
-3
-7 (base 15) to base 5
-12
Convert 1 (base 11) to base 7.
1
-a (base 16) to base 11
-a
31 (base 5) to base 16
10
-263 (base 8) to base 7
-344
Convert -33 (base 13) to base 16.
-2a
Convert 9 (base 14) to base 15.
9
Convert -10 (base 12) to base 3.
-110
What is 12 (base 9) in base 5?
21
-1110110 (base 2) to base 15
-7d
What is -33 (base 9) in base 13?
-24
What is -ee (base 16) in base 10?
-238
What is 1 (base 4) in base 3?
1
Convert -52 (base 15) to base 13.
-5c
-1 (base 10) to base 11
-1
What is -20 (base 3) in base 12?
-6
What is 1010010 (base 2) in base 8?
122
Convert 3 (base 6) to base 9.
3
111 (base 6) to base 16
2b
51 (base 10) to base 7
102
-111 (base 2) to base 14
-7
Convert -56 (base 7) to base 3.
-1112
What is -10 (base 7) in base 14?
-7
What is -3 (base 7) in base 2?
-11
Convert 0 (base 3) to base 12.
0
Convert 1 (base 16) to base 12.
1
40 (base 6) to base 12
20
88 (base 12) to base 11
95
What is 5 (base 8) in base 5?
10
Convert 5 (base 16) to base 15.
5
Convert -101000 (base 2) to base 10.
-40
-10 (base 10) to base 8
-12
What is 11 (base 3) in base 12?
4
Convert 7 (base 15) to base 16.
7
What is 2113 (base 4) in base 6?
411
Convert -29 (base 13) to base 14.
-27
What is 12 (base 7) in base 3?
100
What is 0 (base 12) in base 3?
0
-3 (base 13) to base 5
-3
What is -9 (base 15) in base 6?
-13
3 (base 15) to base 9
3
-166 (base 14) to base 7
-556
Convert 3 (base 7) to base 13.
3
Convert -7 (base 8) to base 11.
-7
1 (base 11) to base 4
1
-10011 (base 2) to base 9
-21
1100 (base 4) to base 2
1010000
19 (base 10) to base 15
14
Convert 3 (base 13) to base 15.
3
-102 (base 4) to base 2
-10010
What is -1032 (base 6) in base 13?
-152
-10 (base 15) to base 4
-33
Convert 310 (base 4) to base 10.
52
b (base 14) to base 12
b
-11110 (base 2) to base 12
-26
What is -44 (base 7) in base 4?
-200
What is -21 (base 3) in base 13?
-7
Convert -3 (base 9) to base 11.
-3
What is 1 (base 10) in base 12?
1
Convert -33 (base 8) to base 2.
-11011
Convert 143 (base 12) to base 7.
366
-37 (base 8) to base 3
-1011
-20 (base 7) to base 2
-1110
What is -15 (base 16) in base 3?
-210
4b (base 14) to base 5
232
What is -3a (base 13) in base 8?
-61
Convert 32 (base 8) to base 4.
122
-1b (base 16) to base 11
-25
Convert -3 (base 14) to base 3.
-10
Convert 131 (base 7) to base 12.
5b
What is -7 (base 10) in base 16?
-7
What is 5 (base 16) in base 12?
5
10110 (base 2) to base 10
22
What is 112 (base 4) in base 14?
18
What is 1 (base 14) in base 5?
1
1001 (base 2) to base 3
100
-15 (base 10) to base 9
-16
What is 17 (base 13) in base 3?
202
14 (base 8) to base 4
30
3 (base 7) to base 4
3
-92 (base 12) to base 3
-11002
What is 101100 (base 3) in base 7?
546
What is -1 (base 10) in base 4?
-1
20 (base 10) to base 12
18
Convert -a (base 16) to base 13.
-a
4 (base 13) to base 14
4
Convert 0 (base 8) to base 3.
0
What is 1011 (base 2) in base 9?
12
-2a (base 11) to base 6
-52
What is 23 (base 14) in base 4?
133
Convert -122 (base 8) to base 13.
-64
Convert -33 (base 5) to base 2.
-10010
What is 102 (base 3) in base 15?
b
-1 (base 3) to base 16
-1
-10 (base 2) to base 4
-2
What is 0 (base 11) in base 2?
0
Convert 0 (base 15) to base 13.
0
What is 27 (base 14) in base 2?
100011
Convert a (base 16) to base 3.
101
Convert -4 (base 15) to base 5.
-4
-34 (base 11) to base 10
-37
-4 (base 7) to base 5
-4
What is 21 (base 5) in base 8?
13
What is 64 (base 8) in base 4?
310
121 (base 12) to base 10
169
What is -536 (base 9) in base 11?
-369
What is 31 (base 7) in base 10?
22
What is -215 (base 6) in base 9?
-102
39 (base 13) to base 10
48
Convert -9d (base 16) to base 5.
-1112
Convert -5 (base 12) to base 15.
-5
-162 (base 11) to base 13
-117
Convert 212 (base 3) to base 14.
19
f (base 16) to base 6
23
-3 (base 16) to base 7
-3
Convert -10 (base 3) to base 9.
-3
Convert -5 (base 6) to base 13.
-5
What is 0 (base 7) in base 5?
0
What is -3 (base 10) in base 5?
-3
What is 5 (base 16) in base 11?
5
Convert -1120 (base 5) to base 16.
-a0
Convert -36 (base 8) to base 2.
-11110
-1114 (base 5) to base 12
-113
What is 45 (base 10) in base 16?
2d
-1100 (base 3) to base 15
-26
What is -34 (base 6) in base 2?
-10110
What is -2120 (base 3) in base 13?
-54
What is -1100 (base 2) in base 9?
-13
Convert -11 (base 2) to base 14.
-3
1 (base 12) to base 10
1
-67 (base 15) to base 2
-1100001
Convert 98 (base 11) to base 10.
107
Convert 3 (base 7) to base 8.
3
Convert -312 (base 7) to base 2.
-10011100
What is 73 (base 10) in base 16?
49
Convert -3 (base 14) to base 3.
-10
-2210 (base 3) to base 6
-203
Convert a (base 14) to base 9.
11
12 (base 15) to base 8
21
What is 1 (base 5) in base 7?
1
Convert -1c (base 14) to base 16.
-1a
Convert 5 (base 11) to base 7.
5
Convert -146 (base 7) to base 9.
-102
What is 1 (base 15) in base 11?
1
Convert -5 (base 10) to base 14.
-5
What is 125 (base 8) in base 13?
67
Convert 71 (base 13) to base 6.
232
What is -a (base 13) in base 5?
-20
Convert -32 (base 5) to base 13.
-14
-11 (base 3) to base 9
-4
Convert 101 (base 3) to base 5.
20
Convert 65 (base 7) to base 6.
115
What is -4 (base 10) in base 15?
-4
Convert -410 (base 6) to base 16.
-96
What is -2 (base 6) in base 9?
-2
Convert -84 (base 12) to base 3.
-10201
1242 (base 6) to base 2
100111010
Convert -102111 (base 3) to base 13.
-1ab
What is -56 (base 10) in base 4?
-320
Convert -75 (base 13) to base 16.
-60
What is 42 (base 8) in base 10?
34
Convert -5 (base 9) to base 3.
-12
-101100110 (base 2) to base 9
-437
-42 (base 10) to base 14
-30
0 (base 9) to base 15
0
What is -4 (base 13) in base 5?
-4
What is 162 (base 8) in base 7?
222
-1ba (base 12) to base 10
-286
34 (base 8) to base 16
1c
Convert -4 (base 6) to base 16.
-4
-12 (base 9) to base 8
-13
Convert 4 (base 7) to base 13.
4
Convert 31 (base 5) to base 4.
100
What is 5 (base 10) in base 15?
5
-48 (base 13) to base 11
-55
-5 (base 7) to base 16
-5
Convert 27 (base 11) to base 8.
35
What is 1 (base 15) in base 9?
1
-d (base 15) to base 6
-21
Convert -41 (base 9) to base 10.
-37
3 (base 6) to base 7
3
-2 (base 4) to base 2
-10
10 (base 8) to base 2
1000
What is -11 (base 12) in base 6?
-21
What is 35 (base 10) in base 16?
23
4 (base 6) to base 11
4
What i